igit of 24009089?
8
What is the hundreds digit of 3138368?
3
What is the ten thousands digit of 513184?
1
What is the thousands digit of 122074?
2
What is the hundreds digit of 85525?
5
What is the hundred thousands digit of 844621?
8
What is the units digit of 5352952?
2
What is the tens digit of 2850439?
3
What is the ten millions digit of 10660710?
1
What is the ten thousands digit of 5305732?
0
What is the units digit of 96419?
9
What is the units digit of 469204?
4
What is the units digit of 75453?
3
What is the units digit of 587793?
3
What is the tens digit of 635228?
2
What is the millions digit of 15862235?
5
What is the tens digit of 389216?
1
What is the ten thousands digit of 1691622?
9
What is the ten thousands digit of 73935?
7
What is the hundreds digit of 296347?
3
What is the hundreds digit of 1368692?
6
What is the ten thousands digit of 207060?
0
What is the ten thousands digit of 19238802?
3
What is the thousands digit of 2469?
2
What is the units digit of 874637?
7
What is the units digit of 252121?
1
What is the tens digit of 317393?
9
What is the hundred thousands digit of 488123?
4
What is the units digit of 140138?
8
What is the ten thousands digit of 1210262?
1
What is the hundreds digit of 4583202?
2
What is the millions digit of 14191404?
4
What is the thousands digit of 417863?
7
What is the hundred thousands digit of 3449689?
4
What is the ten thousands digit of 279705?
7
What is the thousands digit of 10224077?
4
What is the hundred thousands digit of 126160?
1
What is the ten thousands digit of 1856655?
5
What is the tens digit of 6923088?
8
What is the thousands digit of 120608?
0
What is the ten thousands digit of 1125229?
2
What is the hundreds digit of 2519404?
4
What is the units digit of 560979?
9
What is the hundred thousands digit of 456704?
4
What is the units digit of 703562?
2
What is the thousands digit of 262149?
2
What is the thousands digit of 288995?
8
What is the ten thousands digit of 274827?
7
What is the hundreds digit of 1547362?
3
What is the units digit of 14560462?
2
What is the tens digit of 1500828?
2
What is the ten thousands digit of 329604?
2
What is the thousands digit of 70560?
0
What is the millions digit of 17833085?
7
What is the thousands digit of 681752?
1
What is the ten millions digit of 27656609?
2
What is the hundreds digit of 2384550?
5
What is the units digit of 526416?
6
What is the tens digit of 10637653?
5
What is the ten thousands digit of 449145?
4
What is the tens digit of 11296773?
7
What is the thousands digit of 15157607?
7
What is the millions digit of 2415935?
2
What is the thousands digit of 1531365?
1
What is the hundreds digit of 7256704?
7
What is the hundreds digit of 6806767?
7
What is the hundreds digit of 1555128?
1
What is the units digit of 7215798?
8
What is the ten thousands digit of 368377?
6
What is the hundreds digit of 325112?
1
What is the units digit of 74344?
4
What is the hundred thousands digit of 708114?
7
What is the hundred thousands digit of 19733971?
7
What is the thousands digit of 327381?
7
What is the millions digit of 7029769?
7
What is the millions digit of 15395845?
5
What is the ten thousands digit of 6295277?
9
What is the thousands digit of 979838?
9
What is the ten thousands digit of 7277775?
7
What is the hundreds digit of 7238913?
9
What is the tens digit of 422324?
2
What is the thousands digit of 748894?
8
What is the tens digit of 84066?
6
What is the tens digit of 64995?
9
What is the thousands digit of 4492335?
2
What is the millions digit of 1884331?
1
What is the hundred thousands digit of 1455167?
4
What is the hundreds digit of 464226?
2
What is the tens digit of 6039969?
6
What is the ten thousands digit of 1592529?
9
What is the millions digit of 1161952?
1
What is the hundreds digit of 4624234?
2
What is the tens digit of 5005641?
4
What is the units digit of 227197?
7
What is the ten thousands digit of 454959?
5
What is the thousands digit of 549033?
9
What is the hundreds digit of 16357869?
8
What is the hundred thousands digit of 1154283?
1
What is the thousands digit of 92709?
2
What is the tens digit of 3211321?
2
What is the units digit of 8034090?
0
What is the tens digit of 1751055?
5
What is the hundred thousands digit of 166284?
1
What is the thousands digit of 499586?
9
What is the ten thousands digit of 748231?
4
What is the tens digit of 354905?
0
What is the units digit of 3081466?
6
What is the thousands digit of 5378867?
8
What is the units digit of 513393?
3
What is the ten thousands digit of 8694332?
9
What is the units digit of 9284539?
9
What is the thousands digit of 100451?
0
What is the hundred thousands digit of 1433783?
4
What is the hundred thousands digit of 2308823?
3
What is the units digit of 1469591?
1
What is the units digit of 245222?
2
What is the tens digit of 1159901?
0
What is the ten thousands digit of 115009?
1
What is the hundreds digit of 423892?
8
What is the thousands digit of 1317344?
7
What is the hundred thousands digit of 556700?
5
What is the tens digit of 380134?
3
What is the ten millions digit of 10603687?
1
What is the hundreds digit of 968602?
6
What is the ten thousands digit of 418426?
1
What is the hundred thousands digit of 166134?
1
What is the units digit of 407891?
1
What is the units digit of 1999850?
0
What is the tens digit of 3149125?
2
What is the ten thousands digit of 2694920?
9
What is the ten thousands digit of 31536710?
3
What is the hundreds digit of 2193289?
2
What is the thousands digit of 469768?
9
What is the tens digit of 3841?
4
What is the thousands digit of 43522?
3
What is the units digit of 10565934?
4
What is the tens digit of 193967?
6
What is the tens digit of 230735?
3
What is the hundred thousands digit of 1289134?
2
What is the units digit of 105069?
9
What is the hundred thousands digit of 17408301?
4
What is the thousands digit of 4333282?
3
What is the thousands digit of 9095333?
5
What is the hundreds digit of 2690966?
9
What is the ten thousands digit of 2626669?
2
What is the ten thousands digit of 326472?
2
What is the thousands digit of 984776?
4
What is the hundreds digit of 209379?
3
What is the ten thousands digit of 4188489?
8
What is the units digit of 453841?
1
What is the ten thousands digit of 9102038?
0
What is the thousands digit of 8030196?
0
What is the tens digit of 8504091?
9
What is the hundred thousands digit of 983442?
9
What is the ten thousands digit of 97089?
9
What is the thousands digit of 1479582?
9
What is the ten millions digit of 29700375?
2
What is the hundred thousands digit of 1199016?
1
What is the ten thousands digit of 532380?
3
What is the ten thousands digit of 310635?
1
What is the thousands digit of 4415828?
5
What is the hundred thousands digit of 4340214?
3
What is the thousands digit of 39051?
9
What is the millions digit of 2078710?
2
What is the thousands digit of 4703636?
3
What is the thousands digit of 1179658?
9
What is the hundred thousands digit of 723858?
7
What is the ten thousands digit of 6418747?
1
What is the thousands digit of 454479?
4
What is the hundreds digit of 47165?
1
What is the hundred thousands digit of 150975?
1
What is the hundred thousands digit of 235101?
2
What is the ten millions digit of 19286077?
1
What is the ten thousands digit of 2568340?
6
What is the hundreds digit of 3667135?
1
What is the units digit of 6567857?
7
What is the tens digit of 1355397?
9
What is the hundreds digit of 315710?
7
What is the tens digit of 1347452?
5
What is the ten thousands digit of 135893?
3
What is the thousands digit of 31423?
1
What is the hundred thousands digit of 266157?
2
What is the hundreds digit of 31131833?
8
What is the hundred thousands digit of 2827284?
8
What is the hundreds digit of 5470026?
0
What is the ten thousands digit of 1557947?
5
What is the tens digit of 9236049?
4
What is the hundred thousands digit of 371506?
3
What is the ten thousands digit of 52249?
5
What is the tens digit of 10181?
8
What is the hundreds digit of 2171723?
7
What is the ten thousands digit of 16469052?
6
What is the thousands digit of 1227486?
7
What is the tens digit of 519770?
7
What is the thousands digit of 159983?
9
What is the ten thousands digit of 323